, 269
Suppose 5*h + 40 = 2*m, -62 = -4*m - h + 2*h. Suppose 13*d + 126 = m*d. List the prime factors of d.
3, 7
Suppose -3*f + 3 = -9. Suppose -2*d - 3*v = 2*v - 352, -f*v + 846 = 5*d. List the prime factors of d.
2, 83
Suppose g - 552 = -m + 17, -2*m + 2 = 0. What are the prime factors of g?
2, 71
Let o(f) = f**2 - 3*f + 24. Let t be o(0). Suppose -150 = -6*z + t. What are the prime factors of z?
29
Suppose 7*j + 0*j = 4515. Let c = j - 443. What are the prime factors of c?
2, 101
Suppose -17*n + 2540 = -13*n. List the prime factors of n.
5, 127
Suppose -5*v - 2*r + 16 = 0, -4*v - 4 = r - 18. Suppose -a = v*a. Suppose 0*n - j + 21 = n, 4*n + 2*j - 78 = a. What are the prime factors of n?
2, 3
Let k = -10 + 7. Let u(x) = 7*x**2 + x - 7. List the prime factors of u(k).
53
List the prime factors of ((-1)/(9/24))/((-2)/72).
2, 3
Suppose 0 = -5*w - 5*h, -6*w - 12 = -4*w - 4*h. List the prime factors of 143 + w - ((-3 - 1) + 1).
2, 3
Suppose -2*m + 2*d + 422 = 0, 14*d - 13*d - 3 = 0. List the prime factors of m.
2, 107
Let v(d) = -d**3 - 23*d**2 + 4*d + 5. What are the prime factors of v(-24)?
5, 97
Let g(p) = -2*p + 17. Let u be g(7). Suppose u*c = -c. Suppose -3*i - 2*z + 16 = c, -2*z + 0*z = 8. List the prime factors of i.
2
Suppose -5*j = z - 1204, 8*j - 10*j - 4*z = -496. List the prime factors of j.
2, 3, 5
Let x be 3 - (-2)/((-2)/13). Let j be (5/x)/(1/30). What are the prime factors of (-63)/(-5) - 6/j?
13
Suppose -1003 = -4*l - 4*v - 271, 4*v = l - 193. What are the prime factors of l?
5, 37
Suppose -21*i + 105466 = -3146. What are the prime factors of i?
2, 3, 431
Let f = -293 + 1022. List the prime factors of f.
3
Let m(n) = -373*n**2 - 14 + 189*n**2 + 61 + 185*n**2 + n. List the prime factors of m(0).
47
Suppose -7*m + 997 = 5*b - 3*m, b - 197 = -2*m. Let t = b + -122. What are the prime factors of t?
79
Let s(j) = j**3 + 13*j**2 - 13. Let u be s(-13). Let k = u - -30. Suppose -3*d = 0, 0 = 3*l - d + k - 104. List the prime factors of l.
29
Suppose -4*w - 4*d - d + 23 = 0, -15 = -5*d. Suppose 5*a - 8 = 2*m - 3, -a + 13 = w*m. Suppose -5*o + 12 = 4*f - m*f, -f - 2 = 0. List the prime factors of o.
2
Let k(g) = -g**2 - 1. Let t(y) = -y**3 + 4*y**2 - 2*y - 10. Let d(j) = -3*k(j) + t(j). List the prime factors of d(6).
17
Let m(x) = 2*x + 20. Let g be m(0). What are the prime factors of ((-48)/g)/((-4)/50)?
2, 3, 5
Let b(k) be the first derivative of 9*k**4/4 + 2*k**3/3 - 2*k**2 + 2*k - 10. List the prime factors of b(1).
3
What are the prime factors of -9 - (-2019)/(1 - -2)?
2, 83
Suppose -5*f + c = -f - 4, 4*f + 12 = 5*c. Suppose b = -r + f*b + 30, -74 = -3*r - b. Suppose 2*n - 4*n + r = 0. List the prime factors of n.
13
Let d = -28 + 717. List the prime factors of d.
13, 53
Let w(c) = -c**3 + 9*c**2 + 13*c - 10. Let k(r) = 5*r - 20. Let u be k(6). Let f be w(u). List the prime factors of 1076/f - 4/(-20).
2, 3
What are the prime factors of (-20 + 5 + 6)*768/(-9)?
2, 3
Let n = 34 + -23. Let x = n + -14. What are the prime factors of (-14)/x + 1/3?
5
Suppose -17*r - 1925 = -2*o - 20*r, 0 = -5*o - r + 4819. What are the prime factors of o?
2, 241
Let r(n) = 4*n - 2. Let v be r(8). Suppose -t - v = -7*t. Suppose 5*o = y - 23, 15 - 4 = -3*y - t*o. List the prime factors of y.
3
Suppose 5*p - 10*p = 15. Let o = p + 43. List the prime factors of o.
2, 5
Suppose -1710 = -21*i + 18*i. Let a = i - 386. What are the prime factors of a?
2, 23
Let x be 38 - 16/(3 + 1). Let f = x - 13. Suppose -251 = -4*b + f. What are the prime factors of b?
2, 17
Suppose -13 = 6*z - 85. Let y = z + -9. List the prime factors of 4/y*(-156)/(-8).
2, 13
Suppose 2*d + u = 1483, -3*u = -5*d - 0*d + 3724. What are the prime factors of d?
743
Let i(g) = -g**3 - 4*g**2 - 4*g. Suppose 4*f + 5*b = 3, -5*f + b + 0 = 18. Let o be i(f). What are the prime factors of 15 + 3*1/o?
2
Let d be 24 + (-3 - 0) + 3. Suppose 2*j = 6*j + d. Let i(f) = -f**2 - 8*f - 3. What are the prime factors of i(j)?
3
What are the prime factors of (-55 - -54) + (97 - -1)?
97
Let d be (-15 + 13)*6/(-4). Suppose -5*w + 456 = -x, -3*x + 5*x - 271 = -d*w. What are the prime factors of w?
7, 13
Let f = 423 - -303. What are the prime factors of f?
2, 3, 11
Let t(d) = d - 2. Let m(w) = 84*w - 13. Let y(v) = m(v) - 5*t(v). Let s be 2/(-3) - 5/(-3). What are the prime factors of y(s)?
2, 19
Let m(q) = 3*q**2 + 5*q - 12. Let v = 13 + -20. What are the prime factors of m(v)?
2, 5
Suppose 0 = -7*u + 1767 + 2405. List the prime factors of u.
2, 149
Let m(s) = s**3 + 4*s**2 + 4*s + 6. Let k be m(-3). Suppose -2*z - a - k*a + 6 = 0, 18 = 4*z + 5*a. List the prime factors of z.
7
Let l = 2127 + -1362. List the prime factors of l.
3, 5, 17
What are the prime factors of 5/(-5) + (1 - -2 - -481)?
3, 7, 23
Suppose 4*j - 29 = -m, -3*j + 4*j + 31 = 4*m. What are the prime factors of 90/(6/(m/3))?
3, 5
Let h(m) = 2*m**2 + 11*m - 16 + 20*m**3 - 13*m**2 + 7*m**2. What are the prime factors of h(2)?
2, 3, 5
Let r be 3/(-5) + 476/85. Suppose r*g = -2*p + 490, 0*g = 2*g - 5*p - 225. List the prime factors of g.
2, 5
Let b be 18/24 + (-6)/8. Suppose t - 4*c = -6, b = -t - 0*t + 5*c - 8. What are the prime factors of (-6 - -3)/(t/(-22))?
3, 11
Let h = -22 - 58. Let z = 116 + h. Suppose z = d + s, 3*s + 4 = 4*s. What are the prime factors of d?
2
Suppose 0 = 3*t + k + 2, -2*t = -4*k - k - 10. Let w(u) = -u + 3. Let x be w(t). Suppose 2*q = -x*q + 75. List the prime factors of q.
3, 5
List the prime factors of 229000/168*1 - 6/63.
29, 47
Suppose -q - 2*n = -5, 4*n = 4*q + n + 24. Let v be (-6)/q + (-190)/5. What are the prime factors of (-1720)/(-36) + (-8)/v?
2, 3
Let z = 130 - 10. What are the prime factors of z?
2, 3, 5
Let y(q) = 7*q - 4. Let g = -4 + 9. Let a(c) = -c**3 + 4*c**2 + 7*c - 4. Let i be a(g). What are the prime factors of y(i)?
2, 19
Let p(v) = 25*v**2 + 3*v - 3. Suppose -2*j + 2*x = 2, -x = 3*x - 12. Let u be p(j). Suppose q - b - 16 = b, -5*b = 3*q - u. List the prime factors of q.
2, 13
Let x = 131 + 53. Suppose 7*m = 9*m - x. List the prime factors of m.
2, 23
Let y = -38 - -43. Suppose y*j = 2*j + 63. What are the prime factors of j?
3, 7
Let i = -57 - -33. Let q = 104 + i. List the prime factors of q.
2, 5
Let j be (-3)/12 - 54/(-24). Suppose 21 + 33 = j*v. What are the prime factors of v?
3
Let q be (-3)/6 + 10/4. Let o(l) = l**3 + 5*l**2 - 9*l - 14. Let a be o(-6). Suppose -q*m = 4*p - 6, 4*p + a = -0*p. List the prime factors of m.
5
Let x(h) be the first derivative of 3*h**2/2 + 34*h - 4. What are the prime factors of x(-10)?
2
Suppose 3*h - 19 = 4*u, -3*u + 0 = h - 2. Let y be -94*u/(-4)*-2. Let q = y - 11. What are the prime factors of q?
2, 3
Let p = 389 + -72. What are the prime factors of p?
317
Suppose 0*k - 10 = -2*k - 4*l, 5*l - 15 = -3*k. Let v = 0 + 0. Suppose 3*n = -2*p + 52, k*n - p - 20 - 45 = v. What are the prime factors of n?
2, 7
Let o(v) = v**2 + 5*v + 11. Let p be o(-8). Let j = -22 + p. List the prime factors of j.
13
Let x(w) = 44*w**2 + 2*w + 23. List the prime factors of x(6).
1619
Suppose -u - 5 = -6*u. Let f = 2 + u. What are the prime factors of (-2)/(6/(-81)*f)?
3
Let a = 17 + 9. Suppose -2*k - 16 = -a. List the prime factors of k.
5
Suppose -3*t + 121 + 683 = 0. Suppose -t = 24*m - 26*m. What are the prime factors of m?
2, 67
Let g = 69 - 62. Let j(i) = 2*i**2 - 5*i - 10. What are the prime factors of j(g)?
53
Suppose 79 = -4*l + 19. Let n(p) = 2*p**3 + 29*p**2 - 17*p - 6. What are the prime factors of n(l)?
2, 3
Suppose 2*q = q + 675. Suppose 3*p = 5*b - q, 4*b = -0*b + 4*p + 548. What are the prime factors of b?
2, 3, 11
Let f(j) = j**3 - 2*j**2 - 12*j + 2. Let s be f(5). Let x = s + -6. Suppose -2*i + 3 = -2*z + x, 5*i = -z + 28. List the prime factors of z.
2
Suppose 4*t + 30 = 2*q - 0*q, 66 = 4*q - 2*t. Suppose 5*d - q = -2*x, -11 = -3*d - 0*d - x. What are the prime factors of d?
5
Suppose 11 - 6 = o. Suppose o*z - 12 = 3. Suppose 71 = -z*s + 242. List the prime factors of s.
3, 19
Suppose -5*p - 2*d + 0*d = -6057, -3*p = 3*d - 3627. What are the prime factors of p?
1213
Let n(a) = 2*a - 6. Let u be n(4). Suppose 3*r - 3*x = u*x + 175, 5*r = -5*x + 305. List the prime factors of r.
2, 3, 5
Let l(n) = -47*n**3 - 19*n**2 - 6*n. Let h(g) = -26*g**3 - 10*g**2 - 3*g. Let a